{"id":184,"date":"2024-12-03T16:35:05","date_gmt":"2024-12-03T16:35:05","guid":{"rendered":"http:\/\/bioportugal.local\/?page_id=184"},"modified":"2026-01-27T10:22:19","modified_gmt":"2026-01-27T10:22:19","slug":"servicos","status":"publish","type":"page","link":"https:\/\/billion.pt\/bioportugal\/servicos\/","title":{"rendered":"Servi\u00e7os"},"content":{"rendered":"\t\t<div data-elementor-type=\"wp-page\" data-elementor-id=\"184\" class=\"elementor elementor-184\" data-elementor-post-type=\"page\">\n\t\t\t\t<div class=\"elementor-element elementor-element-77e90ea e-flex e-con-boxed e-con e-parent\" data-id=\"77e90ea\" data-element_type=\"container\" data-settings=\"{&quot;background_background&quot;:&quot;classic&quot;}\">\n\t\t\t\t\t<div class=\"e-con-inner\">\n\t\t\t\t<div class=\"elementor-element elementor-element-4b9a98a2 elementor-widget__width-initial elementor-widget-mobile__width-inherit elementor-invisible elementor-widget elementor-widget-heading\" data-id=\"4b9a98a2\" data-element_type=\"widget\" data-settings=\"{&quot;_animation&quot;:&quot;fadeInUp&quot;}\" data-widget_type=\"heading.default\">\n\t\t\t\t<div class=\"elementor-widget-container\">\n\t\t\t\t\t<h1 class=\"elementor-heading-title elementor-size-default\">Servi\u00e7os<\/h1>\t\t\t\t<\/div>\n\t\t\t\t<\/div>\n\t\t\t\t<div class=\"elementor-element elementor-element-25bb950e elementor-widget__width-initial elementor-widget-mobile__width-inherit elementor-invisible elementor-widget elementor-widget-text-editor\" data-id=\"25bb950e\" data-element_type=\"widget\" data-settings=\"{&quot;_animation&quot;:&quot;fadeInUp&quot;}\" data-widget_type=\"text-editor.default\">\n\t\t\t\t<div class=\"elementor-widget-container\">\n\t\t\t\t\t\t\t\t\t<p>Dedicamo-nos \u00e0 excel\u00eancia cient\u00edfica, enfrentando os desafios prementes do nosso tempo e moldando o futuro com investiga\u00e7\u00e3o inovadora.<\/p>\t\t\t\t\t\t\t\t<\/div>\n\t\t\t\t<\/div>\n\t\t\t\t\t<\/div>\n\t\t\t\t<\/div>\n\t\t<div class=\"elementor-element elementor-element-31d375c e-flex e-con-boxed e-con e-parent\" data-id=\"31d375c\" data-element_type=\"container\">\n\t\t\t\t\t<div class=\"e-con-inner\">\n\t\t<div class=\"elementor-element elementor-element-17f60253 e-grid e-con-full e-con e-child\" data-id=\"17f60253\" data-element_type=\"container\">\n\t\t<div class=\"elementor-element elementor-element-48a8333f e-con-full e-flex elementor-invisible e-con e-child\" data-id=\"48a8333f\" data-element_type=\"container\" data-settings=\"{&quot;animation&quot;:&quot;fadeInUp&quot;}\">\n\t\t\t\t<div class=\"elementor-element elementor-element-42ed22ed elementor-widget elementor-widget-heading\" data-id=\"42ed22ed\" data-element_type=\"widget\" data-widget_type=\"heading.default\">\n\t\t\t\t<div class=\"elementor-widget-container\">\n\t\t\t\t\t<h6 class=\"elementor-heading-title elementor-size-default\">01. sa\u00fade<\/h6>\t\t\t\t<\/div>\n\t\t\t\t<\/div>\n\t\t\t\t<div class=\"elementor-element elementor-element-1c7a650a elementor-widget elementor-widget-image\" data-id=\"1c7a650a\" data-element_type=\"widget\" data-widget_type=\"image.default\">\n\t\t\t\t<div class=\"elementor-widget-container\">\n\t\t\t\t\t\t\t\t\t\t\t\t\t\t\t<img fetchpriority=\"high\" decoding=\"async\" width=\"500\" height=\"600\" src=\"https:\/\/billion.pt\/bioportugal\/wp-content\/uploads\/2024\/12\/13.webp\" class=\"attachment-full size-full wp-image-104\" alt=\"\" srcset=\"https:\/\/billion.pt\/bioportugal\/wp-content\/uploads\/2024\/12\/13.webp 500w, https:\/\/billion.pt\/bioportugal\/wp-content\/uploads\/2024\/12\/13-250x300.webp 250w\" sizes=\"(max-width: 500px) 100vw, 500px\" \/>\t\t\t\t\t\t\t\t\t\t\t\t\t\t\t<\/div>\n\t\t\t\t<\/div>\n\t\t\t\t<div class=\"elementor-element elementor-element-21c900fa elementor-widget elementor-widget-text-editor\" data-id=\"21c900fa\" data-element_type=\"widget\" data-widget_type=\"text-editor.default\">\n\t\t\t\t<div class=\"elementor-widget-container\">\n\t\t\t\t\t\t\t\t\t<p>Avan\u00e7ar nos cuidados de sa\u00fade com tratamentos inovadores, desde a terapia gen\u00e9tica \u00e0s mais recentes descobertas m\u00e9dicas<\/p>\t\t\t\t\t\t\t\t<\/div>\n\t\t\t\t<\/div>\n\t\t\t\t<\/div>\n\t\t<div class=\"elementor-element elementor-element-7a644ecd e-con-full e-flex elementor-invisible e-con e-child\" data-id=\"7a644ecd\" data-element_type=\"container\" data-settings=\"{&quot;animation&quot;:&quot;fadeInUp&quot;,&quot;animation_delay&quot;:200}\">\n\t\t\t\t<div class=\"elementor-element elementor-element-5d635b35 elementor-widget elementor-widget-heading\" data-id=\"5d635b35\" data-element_type=\"widget\" data-widget_type=\"heading.default\">\n\t\t\t\t<div class=\"elementor-widget-container\">\n\t\t\t\t\t<h6 class=\"elementor-heading-title elementor-size-default\">02. ambiente<\/h6>\t\t\t\t<\/div>\n\t\t\t\t<\/div>\n\t\t\t\t<div class=\"elementor-element elementor-element-163cfb59 elementor-widget elementor-widget-image\" data-id=\"163cfb59\" data-element_type=\"widget\" data-widget_type=\"image.default\">\n\t\t\t\t<div class=\"elementor-widget-container\">\n\t\t\t\t\t\t\t\t\t\t\t\t\t\t\t<img decoding=\"async\" width=\"500\" height=\"600\" src=\"https:\/\/billion.pt\/bioportugal\/wp-content\/uploads\/2024\/12\/04.webp\" class=\"attachment-full size-full wp-image-105\" alt=\"\" srcset=\"https:\/\/billion.pt\/bioportugal\/wp-content\/uploads\/2024\/12\/04.webp 500w, https:\/\/billion.pt\/bioportugal\/wp-content\/uploads\/2024\/12\/04-250x300.webp 250w\" sizes=\"(max-width: 500px) 100vw, 500px\" \/>\t\t\t\t\t\t\t\t\t\t\t\t\t\t\t<\/div>\n\t\t\t\t<\/div>\n\t\t\t\t<div class=\"elementor-element elementor-element-14f02636 elementor-widget elementor-widget-text-editor\" data-id=\"14f02636\" data-element_type=\"widget\" data-widget_type=\"text-editor.default\">\n\t\t\t\t<div class=\"elementor-widget-container\">\n\t\t\t\t\t\t\t\t\t<p>A sustentabilidade \u00e9 fundamental para o futuro. A nossa investiga\u00e7\u00e3o aprofunda-se nas solu\u00e7\u00f5es para as altera\u00e7\u00f5es clim\u00e1ticas e na prote\u00e7\u00e3o da biodiversidade<\/p>\t\t\t\t\t\t\t\t<\/div>\n\t\t\t\t<\/div>\n\t\t\t\t<\/div>\n\t\t<div class=\"elementor-element elementor-element-66119eb8 e-con-full e-flex elementor-invisible e-con e-child\" data-id=\"66119eb8\" data-element_type=\"container\" data-settings=\"{&quot;animation&quot;:&quot;fadeInUp&quot;,&quot;animation_delay&quot;:400}\">\n\t\t\t\t<div class=\"elementor-element elementor-element-4977091d elementor-widget elementor-widget-heading\" data-id=\"4977091d\" data-element_type=\"widget\" data-widget_type=\"heading.default\">\n\t\t\t\t<div class=\"elementor-widget-container\">\n\t\t\t\t\t<h6 class=\"elementor-heading-title elementor-size-default\">03. tecnologia<\/h6>\t\t\t\t<\/div>\n\t\t\t\t<\/div>\n\t\t\t\t<div class=\"elementor-element elementor-element-745564c6 elementor-widget elementor-widget-image\" data-id=\"745564c6\" data-element_type=\"widget\" data-widget_type=\"image.default\">\n\t\t\t\t<div class=\"elementor-widget-container\">\n\t\t\t\t\t\t\t\t\t\t\t\t\t\t\t<img decoding=\"async\" width=\"500\" height=\"600\" src=\"https:\/\/billion.pt\/bioportugal\/wp-content\/uploads\/2024\/12\/05.webp\" class=\"attachment-full size-full wp-image-106\" alt=\"\" srcset=\"https:\/\/billion.pt\/bioportugal\/wp-content\/uploads\/2024\/12\/05.webp 500w, https:\/\/billion.pt\/bioportugal\/wp-content\/uploads\/2024\/12\/05-250x300.webp 250w\" sizes=\"(max-width: 500px) 100vw, 500px\" \/>\t\t\t\t\t\t\t\t\t\t\t\t\t\t\t<\/div>\n\t\t\t\t<\/div>\n\t\t\t\t<div class=\"elementor-element elementor-element-275446fa elementor-widget elementor-widget-text-editor\" data-id=\"275446fa\" data-element_type=\"widget\" data-widget_type=\"text-editor.default\">\n\t\t\t\t<div class=\"elementor-widget-container\">\n\t\t\t\t\t\t\t\t\t<p>Explorando a IA, a rob\u00f3tica e muito mais, estamos na vanguarda da tecnologia que est\u00e1 pronta a revolucionar a vida quotidiana<\/p>\t\t\t\t\t\t\t\t<\/div>\n\t\t\t\t<\/div>\n\t\t\t\t<\/div>\n\t\t<div class=\"elementor-element elementor-element-5c506d2a e-con-full e-flex elementor-invisible e-con e-child\" data-id=\"5c506d2a\" data-element_type=\"container\" data-settings=\"{&quot;animation&quot;:&quot;fadeInUp&quot;,&quot;animation_delay&quot;:600}\">\n\t\t\t\t<div class=\"elementor-element elementor-element-12da71cb elementor-widget elementor-widget-heading\" data-id=\"12da71cb\" data-element_type=\"widget\" data-widget_type=\"heading.default\">\n\t\t\t\t<div class=\"elementor-widget-container\">\n\t\t\t\t\t<h6 class=\"elementor-heading-title elementor-size-default\">04. educa\u00e7\u00e3o<\/h6>\t\t\t\t<\/div>\n\t\t\t\t<\/div>\n\t\t\t\t<div class=\"elementor-element elementor-element-29939877 elementor-widget elementor-widget-image\" data-id=\"29939877\" data-element_type=\"widget\" data-widget_type=\"image.default\">\n\t\t\t\t<div class=\"elementor-widget-container\">\n\t\t\t\t\t\t\t\t\t\t\t\t\t\t\t<img loading=\"lazy\" decoding=\"async\" width=\"500\" height=\"600\" src=\"https:\/\/billion.pt\/bioportugal\/wp-content\/uploads\/2024\/12\/06.webp\" class=\"attachment-full size-full wp-image-107\" alt=\"\" srcset=\"https:\/\/billion.pt\/bioportugal\/wp-content\/uploads\/2024\/12\/06.webp 500w, https:\/\/billion.pt\/bioportugal\/wp-content\/uploads\/2024\/12\/06-250x300.webp 250w\" sizes=\"(max-width: 500px) 100vw, 500px\" \/>\t\t\t\t\t\t\t\t\t\t\t\t\t\t\t<\/div>\n\t\t\t\t<\/div>\n\t\t\t\t<div class=\"elementor-element elementor-element-357b64a7 elementor-widget elementor-widget-text-editor\" data-id=\"357b64a7\" data-element_type=\"widget\" data-widget_type=\"text-editor.default\">\n\t\t\t\t<div class=\"elementor-widget-container\">\n\t\t\t\t\t\t\t\t\t<p>Tornar a ci\u00eancia acess\u00edvel atrav\u00e9s de iniciativas educativas e do envolvimento da comunidade para inspirar futuros inovadores<\/p>\t\t\t\t\t\t\t\t<\/div>\n\t\t\t\t<\/div>\n\t\t\t\t<\/div>\n\t\t<div class=\"elementor-element elementor-element-4c6a4b6b e-con-full e-flex elementor-invisible e-con e-child\" data-id=\"4c6a4b6b\" data-element_type=\"container\" data-settings=\"{&quot;animation&quot;:&quot;fadeInUp&quot;}\">\n\t\t\t\t<div class=\"elementor-element elementor-element-40d2d876 elementor-widget elementor-widget-heading\" data-id=\"40d2d876\" data-element_type=\"widget\" data-widget_type=\"heading.default\">\n\t\t\t\t<div class=\"elementor-widget-container\">\n\t\t\t\t\t<h6 class=\"elementor-heading-title elementor-size-default\">05. ann\u00e1lise c\u00ednica<\/h6>\t\t\t\t<\/div>\n\t\t\t\t<\/div>\n\t\t\t\t<div class=\"elementor-element elementor-element-2e62bbbf elementor-widget elementor-widget-image\" data-id=\"2e62bbbf\" data-element_type=\"widget\" data-widget_type=\"image.default\">\n\t\t\t\t<div class=\"elementor-widget-container\">\n\t\t\t\t\t\t\t\t\t\t\t\t\t\t\t<img loading=\"lazy\" decoding=\"async\" width=\"500\" height=\"600\" src=\"https:\/\/billion.pt\/bioportugal\/wp-content\/uploads\/2024\/12\/16.webp\" class=\"attachment-full size-full wp-image-120\" alt=\"\" srcset=\"https:\/\/billion.pt\/bioportugal\/wp-content\/uploads\/2024\/12\/16.webp 500w, https:\/\/billion.pt\/bioportugal\/wp-content\/uploads\/2024\/12\/16-250x300.webp 250w\" sizes=\"(max-width: 500px) 100vw, 500px\" \/>\t\t\t\t\t\t\t\t\t\t\t\t\t\t\t<\/div>\n\t\t\t\t<\/div>\n\t\t\t\t<div class=\"elementor-element elementor-element-3c040ffc elementor-widget elementor-widget-text-editor\" data-id=\"3c040ffc\" data-element_type=\"widget\" data-widget_type=\"text-editor.default\">\n\t\t\t\t<div class=\"elementor-widget-container\">\n\t\t\t\t\t\t\t\t\t<p>Analisa a composi\u00e7\u00e3o e as propriedades qu\u00edmicas atrav\u00e9s de t\u00e9cnicas como a cromatografia e a espetroscopia<\/p>\t\t\t\t\t\t\t\t<\/div>\n\t\t\t\t<\/div>\n\t\t\t\t<\/div>\n\t\t<div class=\"elementor-element elementor-element-5d105787 e-con-full e-flex elementor-invisible e-con e-child\" data-id=\"5d105787\" data-element_type=\"container\" data-settings=\"{&quot;animation&quot;:&quot;fadeInUp&quot;,&quot;animation_delay&quot;:200}\">\n\t\t\t\t<div class=\"elementor-element elementor-element-78b308bb elementor-widget elementor-widget-heading\" data-id=\"78b308bb\" data-element_type=\"widget\" data-widget_type=\"heading.default\">\n\t\t\t\t<div class=\"elementor-widget-container\">\n\t\t\t\t\t<h6 class=\"elementor-heading-title elementor-size-default\">06. biologia molecular<\/h6>\t\t\t\t<\/div>\n\t\t\t\t<\/div>\n\t\t\t\t<div class=\"elementor-element elementor-element-1ce9c749 elementor-widget elementor-widget-image\" data-id=\"1ce9c749\" data-element_type=\"widget\" data-widget_type=\"image.default\">\n\t\t\t\t<div class=\"elementor-widget-container\">\n\t\t\t\t\t\t\t\t\t\t\t\t\t\t\t<img loading=\"lazy\" decoding=\"async\" width=\"500\" height=\"600\" src=\"https:\/\/billion.pt\/bioportugal\/wp-content\/uploads\/2024\/12\/17.webp\" class=\"attachment-full size-full wp-image-121\" alt=\"\" srcset=\"https:\/\/billion.pt\/bioportugal\/wp-content\/uploads\/2024\/12\/17.webp 500w, https:\/\/billion.pt\/bioportugal\/wp-content\/uploads\/2024\/12\/17-250x300.webp 250w\" sizes=\"(max-width: 500px) 100vw, 500px\" \/>\t\t\t\t\t\t\t\t\t\t\t\t\t\t\t<\/div>\n\t\t\t\t<\/div>\n\t\t\t\t<div class=\"elementor-element elementor-element-3629cd89 elementor-widget elementor-widget-text-editor\" data-id=\"3629cd89\" data-element_type=\"widget\" data-widget_type=\"text-editor.default\">\n\t\t\t\t<div class=\"elementor-widget-container\">\n\t\t\t\t\t\t\t\t\t<p>Fornece servi\u00e7os de an\u00e1lise de ADN\/RNA, sequencia\u00e7\u00e3o e edi\u00e7\u00e3o de genes para investiga\u00e7\u00e3o gen\u00e9tica<\/p>\t\t\t\t\t\t\t\t<\/div>\n\t\t\t\t<\/div>\n\t\t\t\t<\/div>\n\t\t<div class=\"elementor-element elementor-element-7998743a e-con-full e-flex elementor-invisible e-con e-child\" data-id=\"7998743a\" data-element_type=\"container\" data-settings=\"{&quot;animation&quot;:&quot;fadeInUp&quot;,&quot;animation_delay&quot;:400}\">\n\t\t\t\t<div class=\"elementor-element elementor-element-14de0d7e elementor-widget elementor-widget-heading\" data-id=\"14de0d7e\" data-element_type=\"widget\" data-widget_type=\"heading.default\">\n\t\t\t\t<div class=\"elementor-widget-container\">\n\t\t\t\t\t<h6 class=\"elementor-heading-title elementor-size-default\">07. Microbiologia<\/h6>\t\t\t\t<\/div>\n\t\t\t\t<\/div>\n\t\t\t\t<div class=\"elementor-element elementor-element-d29d58c elementor-widget elementor-widget-image\" data-id=\"d29d58c\" data-element_type=\"widget\" data-widget_type=\"image.default\">\n\t\t\t\t<div class=\"elementor-widget-container\">\n\t\t\t\t\t\t\t\t\t\t\t\t\t\t\t<img loading=\"lazy\" decoding=\"async\" width=\"500\" height=\"600\" src=\"https:\/\/billion.pt\/bioportugal\/wp-content\/uploads\/2024\/12\/18.webp\" class=\"attachment-full size-full wp-image-122\" alt=\"\" srcset=\"https:\/\/billion.pt\/bioportugal\/wp-content\/uploads\/2024\/12\/18.webp 500w, https:\/\/billion.pt\/bioportugal\/wp-content\/uploads\/2024\/12\/18-250x300.webp 250w\" sizes=\"(max-width: 500px) 100vw, 500px\" \/>\t\t\t\t\t\t\t\t\t\t\t\t\t\t\t<\/div>\n\t\t\t\t<\/div>\n\t\t\t\t<div class=\"elementor-element elementor-element-16391024 elementor-widget elementor-widget-text-editor\" data-id=\"16391024\" data-element_type=\"widget\" data-widget_type=\"text-editor.default\">\n\t\t\t\t<div class=\"elementor-widget-container\">\n\t\t\t\t\t\t\t\t\t<p>Realiza a identifica\u00e7\u00e3o microbiana e testes ambientais para a qualidade do ar, da \u00e1gua e do solo<\/p>\t\t\t\t\t\t\t\t<\/div>\n\t\t\t\t<\/div>\n\t\t\t\t<\/div>\n\t\t<div class=\"elementor-element elementor-element-36ce2b3c e-con-full e-flex elementor-invisible e-con e-child\" data-id=\"36ce2b3c\" data-element_type=\"container\" data-settings=\"{&quot;animation&quot;:&quot;fadeInUp&quot;,&quot;animation_delay&quot;:600}\">\n\t\t\t\t<div class=\"elementor-element elementor-element-6f856e5b elementor-widget elementor-widget-heading\" data-id=\"6f856e5b\" data-element_type=\"widget\" data-widget_type=\"heading.default\">\n\t\t\t\t<div class=\"elementor-widget-container\">\n\t\t\t\t\t<h6 class=\"elementor-heading-title elementor-size-default\">08. Toxicologia<\/h6>\t\t\t\t<\/div>\n\t\t\t\t<\/div>\n\t\t\t\t<div class=\"elementor-element elementor-element-7a4fb26b elementor-widget elementor-widget-image\" data-id=\"7a4fb26b\" data-element_type=\"widget\" data-widget_type=\"image.default\">\n\t\t\t\t<div class=\"elementor-widget-container\">\n\t\t\t\t\t\t\t\t\t\t\t\t\t\t\t<img loading=\"lazy\" decoding=\"async\" width=\"500\" height=\"600\" src=\"https:\/\/billion.pt\/bioportugal\/wp-content\/uploads\/2024\/12\/02.webp\" class=\"attachment-full size-full wp-image-103\" alt=\"\" srcset=\"https:\/\/billion.pt\/bioportugal\/wp-content\/uploads\/2024\/12\/02.webp 500w, https:\/\/billion.pt\/bioportugal\/wp-content\/uploads\/2024\/12\/02-250x300.webp 250w\" sizes=\"(max-width: 500px) 100vw, 500px\" \/>\t\t\t\t\t\t\t\t\t\t\t\t\t\t\t<\/div>\n\t\t\t\t<\/div>\n\t\t\t\t<div class=\"elementor-element elementor-element-235aea51 elementor-widget elementor-widget-text-editor\" data-id=\"235aea51\" data-element_type=\"widget\" data-widget_type=\"text-editor.default\">\n\t\t\t\t<div class=\"elementor-widget-container\">\n\t\t\t\t\t\t\t\t\t<p>Testes de toxicidade qu\u00edmica e biocompatibilidade, garantindo a seguran\u00e7a e a conformidade<\/p>\t\t\t\t\t\t\t\t<\/div>\n\t\t\t\t<\/div>\n\t\t\t\t<\/div>\n\t\t<div class=\"elementor-element elementor-element-2972bf19 e-con-full e-flex elementor-invisible e-con e-child\" data-id=\"2972bf19\" data-element_type=\"container\" data-settings=\"{&quot;animation&quot;:&quot;fadeInUp&quot;}\">\n\t\t\t\t<div class=\"elementor-element elementor-element-39b011b7 elementor-widget elementor-widget-heading\" data-id=\"39b011b7\" data-element_type=\"widget\" data-widget_type=\"heading.default\">\n\t\t\t\t<div class=\"elementor-widget-container\">\n\t\t\t\t\t<h6 class=\"elementor-heading-title elementor-size-default\">09. farmac\u00eautica<\/h6>\t\t\t\t<\/div>\n\t\t\t\t<\/div>\n\t\t\t\t<div class=\"elementor-element elementor-element-6024a184 elementor-widget elementor-widget-image\" data-id=\"6024a184\" data-element_type=\"widget\" data-widget_type=\"image.default\">\n\t\t\t\t<div class=\"elementor-widget-container\">\n\t\t\t\t\t\t\t\t\t\t\t\t\t\t\t<img loading=\"lazy\" decoding=\"async\" width=\"500\" height=\"600\" src=\"https:\/\/billion.pt\/bioportugal\/wp-content\/uploads\/2024\/12\/19.webp\" class=\"attachment-full size-full wp-image-123\" alt=\"\" srcset=\"https:\/\/billion.pt\/bioportugal\/wp-content\/uploads\/2024\/12\/19.webp 500w, https:\/\/billion.pt\/bioportugal\/wp-content\/uploads\/2024\/12\/19-250x300.webp 250w\" sizes=\"(max-width: 500px) 100vw, 500px\" \/>\t\t\t\t\t\t\t\t\t\t\t\t\t\t\t<\/div>\n\t\t\t\t<\/div>\n\t\t\t\t<div class=\"elementor-element elementor-element-7a9da062 elementor-widget elementor-widget-text-editor\" data-id=\"7a9da062\" data-element_type=\"widget\" data-widget_type=\"text-editor.default\">\n\t\t\t\t<div class=\"elementor-widget-container\">\n\t\t\t\t\t\t\t\t\t<p>Apoia o desenvolvimento de medicamentos com estudos de estabilidade, bioanal\u00edticos e farmacocin\u00e9ticos<\/p>\t\t\t\t\t\t\t\t<\/div>\n\t\t\t\t<\/div>\n\t\t\t\t<\/div>\n\t\t<div class=\"elementor-element elementor-element-a35353e e-con-full e-flex elementor-invisible e-con e-child\" data-id=\"a35353e\" data-element_type=\"container\" data-settings=\"{&quot;animation&quot;:&quot;fadeInUp&quot;,&quot;animation_delay&quot;:200}\">\n\t\t\t\t<div class=\"elementor-element elementor-element-719f14c5 elementor-widget elementor-widget-heading\" data-id=\"719f14c5\" data-element_type=\"widget\" data-widget_type=\"heading.default\">\n\t\t\t\t<div class=\"elementor-widget-container\">\n\t\t\t\t\t<h6 class=\"elementor-heading-title elementor-size-default\">10. an\u00e1lise alimentar<\/h6>\t\t\t\t<\/div>\n\t\t\t\t<\/div>\n\t\t\t\t<div class=\"elementor-element elementor-element-2e765c3d elementor-widget elementor-widget-image\" data-id=\"2e765c3d\" data-element_type=\"widget\" data-widget_type=\"image.default\">\n\t\t\t\t<div class=\"elementor-widget-container\">\n\t\t\t\t\t\t\t\t\t\t\t\t\t\t\t<img loading=\"lazy\" decoding=\"async\" width=\"500\" height=\"600\" src=\"https:\/\/billion.pt\/bioportugal\/wp-content\/uploads\/2024\/12\/20.webp\" class=\"attachment-full size-full wp-image-124\" alt=\"\" srcset=\"https:\/\/billion.pt\/bioportugal\/wp-content\/uploads\/2024\/12\/20.webp 500w, https:\/\/billion.pt\/bioportugal\/wp-content\/uploads\/2024\/12\/20-250x300.webp 250w\" sizes=\"(max-width: 500px) 100vw, 500px\" \/>\t\t\t\t\t\t\t\t\t\t\t\t\t\t\t<\/div>\n\t\t\t\t<\/div>\n\t\t\t\t<div class=\"elementor-element elementor-element-259c91c2 elementor-widget elementor-widget-text-editor\" data-id=\"259c91c2\" data-element_type=\"widget\" data-widget_type=\"text-editor.default\">\n\t\t\t\t<div class=\"elementor-widget-container\">\n\t\t\t\t\t\t\t\t\t<p>Analisa a composi\u00e7\u00e3o dos alimentos, os contaminantes e os alerg\u00e9nios para garantir a qualidade e a seguran\u00e7a<\/p>\t\t\t\t\t\t\t\t<\/div>\n\t\t\t\t<\/div>\n\t\t\t\t<\/div>\n\t\t<div class=\"elementor-element elementor-element-50029793 e-con-full e-flex elementor-invisible e-con e-child\" data-id=\"50029793\" data-element_type=\"container\" data-settings=\"{&quot;animation&quot;:&quot;fadeInUp&quot;,&quot;animation_delay&quot;:400}\">\n\t\t\t\t<div class=\"elementor-element elementor-element-755a5dd3 elementor-widget elementor-widget-heading\" data-id=\"755a5dd3\" data-element_type=\"widget\" data-widget_type=\"heading.default\">\n\t\t\t\t<div class=\"elementor-widget-container\">\n\t\t\t\t\t<h6 class=\"elementor-heading-title elementor-size-default\">11. Geoqu\u00edmica<\/h6>\t\t\t\t<\/div>\n\t\t\t\t<\/div>\n\t\t\t\t<div class=\"elementor-element elementor-element-7cfcb550 elementor-widget elementor-widget-image\" data-id=\"7cfcb550\" data-element_type=\"widget\" data-widget_type=\"image.default\">\n\t\t\t\t<div class=\"elementor-widget-container\">\n\t\t\t\t\t\t\t\t\t\t\t\t\t\t\t<img loading=\"lazy\" decoding=\"async\" width=\"500\" height=\"600\" src=\"https:\/\/billion.pt\/bioportugal\/wp-content\/uploads\/2024\/12\/03.webp\" class=\"attachment-full size-full wp-image-125\" alt=\"\" srcset=\"https:\/\/billion.pt\/bioportugal\/wp-content\/uploads\/2024\/12\/03.webp 500w, https:\/\/billion.pt\/bioportugal\/wp-content\/uploads\/2024\/12\/03-250x300.webp 250w\" sizes=\"(max-width: 500px) 100vw, 500px\" \/>\t\t\t\t\t\t\t\t\t\t\t\t\t\t\t<\/div>\n\t\t\t\t<\/div>\n\t\t\t\t<div class=\"elementor-element elementor-element-2e20e2b5 elementor-widget elementor-widget-text-editor\" data-id=\"2e20e2b5\" data-element_type=\"widget\" data-widget_type=\"text-editor.default\">\n\t\t\t\t<div class=\"elementor-widget-container\">\n\t\t\t\t\t\t\t\t\t<p>Avalia o conte\u00fado de is\u00f3topos e minerais em amostras de solo, \u00e1gua e rochas, apoiando a investiga\u00e7\u00e3o e conserva\u00e7\u00e3o ambiental<\/p>\t\t\t\t\t\t\t\t<\/div>\n\t\t\t\t<\/div>\n\t\t\t\t<\/div>\n\t\t<div class=\"elementor-element elementor-element-4b48e83d e-con-full e-flex elementor-invisible e-con e-child\" data-id=\"4b48e83d\" data-element_type=\"container\" data-settings=\"{&quot;animation&quot;:&quot;fadeInUp&quot;,&quot;animation_delay&quot;:600}\">\n\t\t\t\t<div class=\"elementor-element elementor-element-33710dfa elementor-widget elementor-widget-heading\" data-id=\"33710dfa\" data-element_type=\"widget\" data-widget_type=\"heading.default\">\n\t\t\t\t<div class=\"elementor-widget-container\">\n\t\t\t\t\t<h6 class=\"elementor-heading-title elementor-size-default\">12. pesquisa<\/h6>\t\t\t\t<\/div>\n\t\t\t\t<\/div>\n\t\t\t\t<div class=\"elementor-element elementor-element-280e14f1 elementor-widget elementor-widget-image\" data-id=\"280e14f1\" data-element_type=\"widget\" data-widget_type=\"image.default\">\n\t\t\t\t<div class=\"elementor-widget-container\">\n\t\t\t\t\t\t\t\t\t\t\t\t\t\t\t<img loading=\"lazy\" decoding=\"async\" width=\"500\" height=\"600\" src=\"https:\/\/billion.pt\/bioportugal\/wp-content\/uploads\/2024\/12\/21.webp\" class=\"attachment-full size-full wp-image-126\" alt=\"\" srcset=\"https:\/\/billion.pt\/bioportugal\/wp-content\/uploads\/2024\/12\/21.webp 500w, https:\/\/billion.pt\/bioportugal\/wp-content\/uploads\/2024\/12\/21-250x300.webp 250w\" sizes=\"(max-width: 500px) 100vw, 500px\" \/>\t\t\t\t\t\t\t\t\t\t\t\t\t\t\t<\/div>\n\t\t\t\t<\/div>\n\t\t\t\t<div class=\"elementor-element elementor-element-50e4845b elementor-widget elementor-widget-text-editor\" data-id=\"50e4845b\" data-element_type=\"widget\" data-widget_type=\"text-editor.default\">\n\t\t\t\t<div class=\"elementor-widget-container\">\n\t\t\t\t\t\t\t\t\t<p>Desenvolve protocolos de investiga\u00e7\u00e3o e m\u00e9todos de ensaio adaptados, fornecendo apoio especializado a projectos inovadores<\/p>\t\t\t\t\t\t\t\t<\/div>\n\t\t\t\t<\/div>\n\t\t\t\t<\/div>\n\t\t\t\t<\/div>\n\t\t\t\t\t<\/div>\n\t\t\t\t<\/div>\n\t\t\t\t<\/div>\n\t\t","protected":false},"excerpt":{"rendered":"<p>Servi\u00e7os Dedicamo-nos \u00e0 excel\u00eancia cient\u00edfica, enfrentando os desafios prementes do nosso tempo e moldando o futuro com investiga\u00e7\u00e3o inovadora. 01. sa\u00fade Avan\u00e7ar nos cuidados de sa\u00fade com tratamentos inovadores, desde a terapia gen\u00e9tica \u00e0s mais recentes descobertas m\u00e9dicas 02. ambiente A sustentabilidade \u00e9 fundamental para o futuro. A nossa investiga\u00e7\u00e3o aprofunda-se nas solu\u00e7\u00f5es para as [&hellip;]<\/p>\n","protected":false},"author":1,"featured_media":0,"parent":0,"menu_order":0,"comment_status":"closed","ping_status":"closed","template":"","meta":{"footnotes":""},"class_list":["post-184","page","type-page","status-publish","hentry"],"_links":{"self":[{"href":"https:\/\/billion.pt\/bioportugal\/wp-json\/wp\/v2\/pages\/184","targetHints":{"allow":["GET"]}}],"collection":[{"href":"https:\/\/billion.pt\/bioportugal\/wp-json\/wp\/v2\/pages"}],"about":[{"href":"https:\/\/billion.pt\/bioportugal\/wp-json\/wp\/v2\/types\/page"}],"author":[{"embeddable":true,"href":"https:\/\/billion.pt\/bioportugal\/wp-json\/wp\/v2\/users\/1"}],"replies":[{"embeddable":true,"href":"https:\/\/billion.pt\/bioportugal\/wp-json\/wp\/v2\/comments?post=184"}],"version-history":[{"count":22,"href":"https:\/\/billion.pt\/bioportugal\/wp-json\/wp\/v2\/pages\/184\/revisions"}],"predecessor-version":[{"id":477,"href":"https:\/\/billion.pt\/bioportugal\/wp-json\/wp\/v2\/pages\/184\/revisions\/477"}],"wp:attachment":[{"href":"https:\/\/billion.pt\/bioportugal\/wp-json\/wp\/v2\/media?parent=184"}],"curies":[{"name":"wp","href":"https:\/\/api.w.org\/{rel}","templated":true}]}}